{"id":1284,"date":"2023-10-29T14:47:21","date_gmt":"2023-10-29T17:47:21","guid":{"rendered":"https:\/\/www.ocau.edu.uy\/?page_id=1284"},"modified":"2023-10-29T17:21:06","modified_gmt":"2023-10-29T20:21:06","slug":"presentacion-del-informe-el-alimento-como-trama-de-vida","status":"publish","type":"page","link":"https:\/\/www.ocau.edu.uy\/?page_id=1284","title":{"rendered":"Presentaci\u00f3n del informe: El alimento como trama de vida"},"content":{"rendered":"\n<p><\/p>\n\n\n\n<p><\/p>\n\n\n\n<div id=\"wp-block-themeisle-blocks-advanced-columns-c51613dd\" class=\"wp-block-themeisle-blocks-advanced-columns has-1-columns has-desktop-equal-layout has-tablet-equal-layout has-mobile-equal-layout has-vertical-unset has-default-gap\"><div class=\"wp-block-themeisle-blocks-advanced-columns-overlay\"><\/div><div class=\"innerblocks-wrap\">\n<div id=\"wp-block-themeisle-blocks-advanced-column-43d48c98\" class=\"wp-block-themeisle-blocks-advanced-column\"><div class=\"wp-block-image\">\n<figure class=\"aligncenter size-full is-resized\"><img loading=\"lazy\" decoding=\"async\" width=\"1024\" height=\"1024\" src=\"https:\/\/www.ocau.edu.uy\/wp-content\/uploads\/2023\/10\/WhatsApp-Image-2023-10-13-at-5.44.35-PM.jpeg\" alt=\"\" class=\"wp-image-1285\" style=\"object-fit:cover;width:600px;height:600px\" srcset=\"https:\/\/www.ocau.edu.uy\/wp-content\/uploads\/2023\/10\/WhatsApp-Image-2023-10-13-at-5.44.35-PM.jpeg 1024w, https:\/\/www.ocau.edu.uy\/wp-content\/uploads\/2023\/10\/WhatsApp-Image-2023-10-13-at-5.44.35-PM-300x300.jpeg 300w, https:\/\/www.ocau.edu.uy\/wp-content\/uploads\/2023\/10\/WhatsApp-Image-2023-10-13-at-5.44.35-PM-150x150.jpeg 150w, https:\/\/www.ocau.edu.uy\/wp-content\/uploads\/2023\/10\/WhatsApp-Image-2023-10-13-at-5.44.35-PM-768x768.jpeg 768w\" sizes=\"auto, (max-width: 1024px) 100vw, 1024px\" \/><\/figure>\n<\/div><\/div>\n<\/div><\/div>\n\n\n\n<p><\/p>\n\n\n\n<p>Compartimos la invitaci\u00f3n a la presentaci\u00f3n del informe \u00abAlimento como trama de vida. Configuraciones socioecon\u00f3micas en el Uruguay contempor\u00e1neo\u00bb. Este informe es el resultado de una investigaci\u00f3n realizada por docentes de Facultad de Ciencias Sociales, la Escuela de Nutrici\u00f3n y el Servicio Central de Extensi\u00f3n y Actividades en el Medio (SCEAM). La misma cont\u00f3 con financiaci\u00f3n a  partir del llamado I+D CSIC 2020-2022.<\/p>\n\n\n\n<p><strong>La presentaci\u00f3n se realizar\u00e1 en las fechas 7 y 14 de noviembre de 2023.<\/strong> Dejamos los afiches de difusi\u00f3n que brindan m\u00e1s detalles.<\/p>\n\n\n\n<figure class=\"wp-block-gallery has-nested-images columns-default is-cropped wp-block-gallery-1 is-layout-flex wp-block-gallery-is-layout-flex\">\n<figure class=\"wp-block-image size-large\"><img loading=\"lazy\" decoding=\"async\" width=\"1024\" height=\"1024\" data-id=\"1287\" src=\"https:\/\/www.ocau.edu.uy\/wp-content\/uploads\/2023\/10\/WhatsApp-Image-2023-10-13-at-5.44.34-PM-1.jpeg\" alt=\"\" class=\"wp-image-1287\" srcset=\"https:\/\/www.ocau.edu.uy\/wp-content\/uploads\/2023\/10\/WhatsApp-Image-2023-10-13-at-5.44.34-PM-1.jpeg 1024w, https:\/\/www.ocau.edu.uy\/wp-content\/uploads\/2023\/10\/WhatsApp-Image-2023-10-13-at-5.44.34-PM-1-300x300.jpeg 300w, https:\/\/www.ocau.edu.uy\/wp-content\/uploads\/2023\/10\/WhatsApp-Image-2023-10-13-at-5.44.34-PM-1-150x150.jpeg 150w, https:\/\/www.ocau.edu.uy\/wp-content\/uploads\/2023\/10\/WhatsApp-Image-2023-10-13-at-5.44.34-PM-1-768x768.jpeg 768w\" sizes=\"auto, (max-width: 1024px) 100vw, 1024px\" \/><\/figure>\n\n\n\n<figure class=\"wp-block-image size-large\"><img loading=\"lazy\" decoding=\"async\" width=\"1024\" height=\"1024\" data-id=\"1288\" src=\"https:\/\/www.ocau.edu.uy\/wp-content\/uploads\/2023\/10\/Afiche-Alimento-como-trama-de-vida-14-11-1.jpeg\" alt=\"\" class=\"wp-image-1288\" srcset=\"https:\/\/www.ocau.edu.uy\/wp-content\/uploads\/2023\/10\/Afiche-Alimento-como-trama-de-vida-14-11-1.jpeg 1024w, https:\/\/www.ocau.edu.uy\/wp-content\/uploads\/2023\/10\/Afiche-Alimento-como-trama-de-vida-14-11-1-300x300.jpeg 300w, https:\/\/www.ocau.edu.uy\/wp-content\/uploads\/2023\/10\/Afiche-Alimento-como-trama-de-vida-14-11-1-150x150.jpeg 150w, https:\/\/www.ocau.edu.uy\/wp-content\/uploads\/2023\/10\/Afiche-Alimento-como-trama-de-vida-14-11-1-768x768.jpeg 768w\" sizes=\"auto, (max-width: 1024px) 100vw, 1024px\" \/><\/figure>\n<\/figure>\n\n\n\n<p><\/p>\n","protected":false},"excerpt":{"rendered":"<p>Compartimos la invitaci\u00f3n a la presentaci\u00f3n del informe \u00abAlimento como trama de vida. Configuraciones socioecon\u00f3micas en el Uruguay contempor\u00e1neo\u00bb. Este informe es el resultado de una investigaci\u00f3n realizada por docentes de Facultad de Ciencias Sociales, la Escuela de Nutrici\u00f3n y el Servicio Central de Extensi\u00f3n y Actividades en el Medio (SCEAM). La misma cont\u00f3 con&hellip;&nbsp;<a href=\"https:\/\/www.ocau.edu.uy\/?page_id=1284\" class=\"\" rel=\"bookmark\">Leer m\u00e1s &raquo;<span class=\"screen-reader-text\">Presentaci\u00f3n del informe: El alimento como trama de vida<\/span><\/a><\/p>\n","protected":false},"author":3,"featured_media":0,"parent":0,"menu_order":0,"comment_status":"closed","ping_status":"closed","template":"","meta":{"neve_meta_sidebar":"full-width","neve_meta_container":"","neve_meta_enable_content_width":"on","neve_meta_content_width":100,"neve_meta_title_alignment":"","neve_meta_author_avatar":"","neve_post_elements_order":"","neve_meta_disable_header":"","neve_meta_disable_footer":"","neve_meta_disable_title":"","_themeisle_gutenberg_block_has_review":false,"footnotes":""},"class_list":["post-1284","page","type-page","status-publish","hentry"],"yoast_head":"<!-- This site is optimized with the Yoast SEO plugin v26.7 - https:\/\/yoast.com\/wordpress\/plugins\/seo\/ -->\n<title>Presentaci\u00f3n del informe: El alimento como trama de vida - Observatorio de la Cuesti\u00f3n Agraria en Uruguay<\/title>\n<meta name=\"robots\" content=\"index, follow, max-snippet:-1, max-image-preview:large, max-video-preview:-1\" \/>\n<link rel=\"canonical\" href=\"https:\/\/www.ocau.edu.uy\/?page_id=1284\" \/>\n<meta property=\"og:locale\" content=\"es_ES\" \/>\n<meta property=\"og:type\" content=\"article\" \/>\n<meta property=\"og:title\" content=\"Presentaci\u00f3n del informe: El alimento como trama de vida - Observatorio de la Cuesti\u00f3n Agraria en Uruguay\" \/>\n<meta property=\"og:description\" content=\"Compartimos la invitaci\u00f3n a la presentaci\u00f3n del informe \u00abAlimento como trama de vida. Configuraciones socioecon\u00f3micas en el Uruguay contempor\u00e1neo\u00bb. Este informe es el resultado de una investigaci\u00f3n realizada por docentes de Facultad de Ciencias Sociales, la Escuela de Nutrici\u00f3n y el Servicio Central de Extensi\u00f3n y Actividades en el Medio (SCEAM). La misma cont\u00f3 con&hellip;&nbsp;Leer m\u00e1s &raquo;Presentaci\u00f3n del informe: El alimento como trama de vida\" \/>\n<meta property=\"og:url\" content=\"https:\/\/www.ocau.edu.uy\/?page_id=1284\" \/>\n<meta property=\"og:site_name\" content=\"Observatorio de la Cuesti\u00f3n Agraria en Uruguay\" \/>\n<meta property=\"article:modified_time\" content=\"2023-10-29T20:21:06+00:00\" \/>\n<meta property=\"og:image\" content=\"https:\/\/www.ocau.edu.uy\/wp-content\/uploads\/2023\/10\/WhatsApp-Image-2023-10-13-at-5.44.35-PM.jpeg\" \/>\n<meta name=\"twitter:card\" content=\"summary_large_image\" \/>\n<meta name=\"twitter:label1\" content=\"Tiempo de lectura\" \/>\n\t<meta name=\"twitter:data1\" content=\"1 minuto\" \/>\n<script type=\"application\/ld+json\" class=\"yoast-schema-graph\">{\"@context\":\"https:\/\/schema.org\",\"@graph\":[{\"@type\":\"WebPage\",\"@id\":\"https:\/\/www.ocau.edu.uy\/?page_id=1284\",\"url\":\"https:\/\/www.ocau.edu.uy\/?page_id=1284\",\"name\":\"Presentaci\u00f3n del informe: El alimento como trama de vida - Observatorio de la Cuesti\u00f3n Agraria en Uruguay\",\"isPartOf\":{\"@id\":\"https:\/\/www.ocau.edu.uy\/#website\"},\"primaryImageOfPage\":{\"@id\":\"https:\/\/www.ocau.edu.uy\/?page_id=1284#primaryimage\"},\"image\":{\"@id\":\"https:\/\/www.ocau.edu.uy\/?page_id=1284#primaryimage\"},\"thumbnailUrl\":\"https:\/\/www.ocau.edu.uy\/wp-content\/uploads\/2023\/10\/WhatsApp-Image-2023-10-13-at-5.44.35-PM.jpeg\",\"datePublished\":\"2023-10-29T17:47:21+00:00\",\"dateModified\":\"2023-10-29T20:21:06+00:00\",\"inLanguage\":\"es\",\"potentialAction\":[{\"@type\":\"ReadAction\",\"target\":[\"https:\/\/www.ocau.edu.uy\/?page_id=1284\"]}]},{\"@type\":\"ImageObject\",\"inLanguage\":\"es\",\"@id\":\"https:\/\/www.ocau.edu.uy\/?page_id=1284#primaryimage\",\"url\":\"https:\/\/www.ocau.edu.uy\/wp-content\/uploads\/2023\/10\/WhatsApp-Image-2023-10-13-at-5.44.35-PM.jpeg\",\"contentUrl\":\"https:\/\/www.ocau.edu.uy\/wp-content\/uploads\/2023\/10\/WhatsApp-Image-2023-10-13-at-5.44.35-PM.jpeg\",\"width\":1024,\"height\":1024},{\"@type\":\"WebSite\",\"@id\":\"https:\/\/www.ocau.edu.uy\/#website\",\"url\":\"https:\/\/www.ocau.edu.uy\/\",\"name\":\"Observatorio de la Cuesti\u00f3n Agraria en Uruguay\",\"description\":\"OCAU\",\"publisher\":{\"@id\":\"https:\/\/www.ocau.edu.uy\/#organization\"},\"potentialAction\":[{\"@type\":\"SearchAction\",\"target\":{\"@type\":\"EntryPoint\",\"urlTemplate\":\"https:\/\/www.ocau.edu.uy\/?s={search_term_string}\"},\"query-input\":{\"@type\":\"PropertyValueSpecification\",\"valueRequired\":true,\"valueName\":\"search_term_string\"}}],\"inLanguage\":\"es\"},{\"@type\":\"Organization\",\"@id\":\"https:\/\/www.ocau.edu.uy\/#organization\",\"name\":\"Observatorio de la Cuesti\u00f3n Agraria en Uruguay\",\"url\":\"https:\/\/www.ocau.edu.uy\/\",\"logo\":{\"@type\":\"ImageObject\",\"inLanguage\":\"es\",\"@id\":\"https:\/\/www.ocau.edu.uy\/#\/schema\/logo\/image\/\",\"url\":\"https:\/\/www.ocau.edu.uy\/wp-content\/uploads\/2021\/03\/cropped-Logo-OCAU.png\",\"contentUrl\":\"https:\/\/www.ocau.edu.uy\/wp-content\/uploads\/2021\/03\/cropped-Logo-OCAU.png\",\"width\":540,\"height\":530,\"caption\":\"Observatorio de la Cuesti\u00f3n Agraria en Uruguay\"},\"image\":{\"@id\":\"https:\/\/www.ocau.edu.uy\/#\/schema\/logo\/image\/\"}}]}<\/script>\n<!-- \/ Yoast SEO plugin. -->","yoast_head_json":{"title":"Presentaci\u00f3n del informe: El alimento como trama de vida - Observatorio de la Cuesti\u00f3n Agraria en Uruguay","robots":{"index":"index","follow":"follow","max-snippet":"max-snippet:-1","max-image-preview":"max-image-preview:large","max-video-preview":"max-video-preview:-1"},"canonical":"https:\/\/www.ocau.edu.uy\/?page_id=1284","og_locale":"es_ES","og_type":"article","og_title":"Presentaci\u00f3n del informe: El alimento como trama de vida - Observatorio de la Cuesti\u00f3n Agraria en Uruguay","og_description":"Compartimos la invitaci\u00f3n a la presentaci\u00f3n del informe \u00abAlimento como trama de vida. Configuraciones socioecon\u00f3micas en el Uruguay contempor\u00e1neo\u00bb. Este informe es el resultado de una investigaci\u00f3n realizada por docentes de Facultad de Ciencias Sociales, la Escuela de Nutrici\u00f3n y el Servicio Central de Extensi\u00f3n y Actividades en el Medio (SCEAM). La misma cont\u00f3 con&hellip;&nbsp;Leer m\u00e1s &raquo;Presentaci\u00f3n del informe: El alimento como trama de vida","og_url":"https:\/\/www.ocau.edu.uy\/?page_id=1284","og_site_name":"Observatorio de la Cuesti\u00f3n Agraria en Uruguay","article_modified_time":"2023-10-29T20:21:06+00:00","og_image":[{"url":"https:\/\/www.ocau.edu.uy\/wp-content\/uploads\/2023\/10\/WhatsApp-Image-2023-10-13-at-5.44.35-PM.jpeg","type":"","width":"","height":""}],"twitter_card":"summary_large_image","twitter_misc":{"Tiempo de lectura":"1 minuto"},"schema":{"@context":"https:\/\/schema.org","@graph":[{"@type":"WebPage","@id":"https:\/\/www.ocau.edu.uy\/?page_id=1284","url":"https:\/\/www.ocau.edu.uy\/?page_id=1284","name":"Presentaci\u00f3n del informe: El alimento como trama de vida - Observatorio de la Cuesti\u00f3n Agraria en Uruguay","isPartOf":{"@id":"https:\/\/www.ocau.edu.uy\/#website"},"primaryImageOfPage":{"@id":"https:\/\/www.ocau.edu.uy\/?page_id=1284#primaryimage"},"image":{"@id":"https:\/\/www.ocau.edu.uy\/?page_id=1284#primaryimage"},"thumbnailUrl":"https:\/\/www.ocau.edu.uy\/wp-content\/uploads\/2023\/10\/WhatsApp-Image-2023-10-13-at-5.44.35-PM.jpeg","datePublished":"2023-10-29T17:47:21+00:00","dateModified":"2023-10-29T20:21:06+00:00","inLanguage":"es","potentialAction":[{"@type":"ReadAction","target":["https:\/\/www.ocau.edu.uy\/?page_id=1284"]}]},{"@type":"ImageObject","inLanguage":"es","@id":"https:\/\/www.ocau.edu.uy\/?page_id=1284#primaryimage","url":"https:\/\/www.ocau.edu.uy\/wp-content\/uploads\/2023\/10\/WhatsApp-Image-2023-10-13-at-5.44.35-PM.jpeg","contentUrl":"https:\/\/www.ocau.edu.uy\/wp-content\/uploads\/2023\/10\/WhatsApp-Image-2023-10-13-at-5.44.35-PM.jpeg","width":1024,"height":1024},{"@type":"WebSite","@id":"https:\/\/www.ocau.edu.uy\/#website","url":"https:\/\/www.ocau.edu.uy\/","name":"Observatorio de la Cuesti\u00f3n Agraria en Uruguay","description":"OCAU","publisher":{"@id":"https:\/\/www.ocau.edu.uy\/#organization"},"potentialAction":[{"@type":"SearchAction","target":{"@type":"EntryPoint","urlTemplate":"https:\/\/www.ocau.edu.uy\/?s={search_term_string}"},"query-input":{"@type":"PropertyValueSpecification","valueRequired":true,"valueName":"search_term_string"}}],"inLanguage":"es"},{"@type":"Organization","@id":"https:\/\/www.ocau.edu.uy\/#organization","name":"Observatorio de la Cuesti\u00f3n Agraria en Uruguay","url":"https:\/\/www.ocau.edu.uy\/","logo":{"@type":"ImageObject","inLanguage":"es","@id":"https:\/\/www.ocau.edu.uy\/#\/schema\/logo\/image\/","url":"https:\/\/www.ocau.edu.uy\/wp-content\/uploads\/2021\/03\/cropped-Logo-OCAU.png","contentUrl":"https:\/\/www.ocau.edu.uy\/wp-content\/uploads\/2021\/03\/cropped-Logo-OCAU.png","width":540,"height":530,"caption":"Observatorio de la Cuesti\u00f3n Agraria en Uruguay"},"image":{"@id":"https:\/\/www.ocau.edu.uy\/#\/schema\/logo\/image\/"}}]}},"_links":{"self":[{"href":"https:\/\/www.ocau.edu.uy\/index.php?rest_route=\/wp\/v2\/pages\/1284","targetHints":{"allow":["GET"]}}],"collection":[{"href":"https:\/\/www.ocau.edu.uy\/index.php?rest_route=\/wp\/v2\/pages"}],"about":[{"href":"https:\/\/www.ocau.edu.uy\/index.php?rest_route=\/wp\/v2\/types\/page"}],"author":[{"embeddable":true,"href":"https:\/\/www.ocau.edu.uy\/index.php?rest_route=\/wp\/v2\/users\/3"}],"replies":[{"embeddable":true,"href":"https:\/\/www.ocau.edu.uy\/index.php?rest_route=%2Fwp%2Fv2%2Fcomments&post=1284"}],"version-history":[{"count":4,"href":"https:\/\/www.ocau.edu.uy\/index.php?rest_route=\/wp\/v2\/pages\/1284\/revisions"}],"predecessor-version":[{"id":1293,"href":"https:\/\/www.ocau.edu.uy\/index.php?rest_route=\/wp\/v2\/pages\/1284\/revisions\/1293"}],"wp:attachment":[{"href":"https:\/\/www.ocau.edu.uy\/index.php?rest_route=%2Fwp%2Fv2%2Fmedia&parent=1284"}],"curies":[{"name":"wp","href":"https:\/\/api.w.org\/{rel}","templated":true}]}}